ve of -x**3/6 + 3*x**2/2 - 3*x. Calculate c(q).
3
Let k = -6 - -3. Let l(x) be the second derivative of -x - 1/2*x**2 + 0 + 2/3*x**3 + 1/12*x**4. Calculate l(k).
-4
Let q be (-80)/30*((-15)/2)/(-5). Let x(i) = 7*i**3 + 3*i**2 - 3*i + 3. Let s(j) = -13*j**3 - 6*j**2 + 6*j - 6. Let a(d) = -6*s(d) - 11*x(d). Give a(q).
-1
Let c(m) = -40*m**2 + 10 + m - 33*m**2 + 74*m**2. Determine c(0).
10
Let h(n) = n**2 - n. Let x(l) = -7*l**2 + 3*l - 1. Let i(t) = -3*h(t) - x(t). Let y be 1/3 - 33/(-9). Let o = y + -5. Determine i(o).
5
Let w be (0 - 4)/((-2)/3). Suppose t = w*t - 25. Let o(n) = n**2 - 3*n - 2 - 3 - 1. Give o(t).
4
Let x(k) = 4*k**2 + 1. Let d(r) = -r**3 + r**2 - r + 9. Let f be d(0). Let b = -4 + f. Suppose -4*v - 1 = -b*v. Determine x(v).
5
Let z = -14 - -9. Let w(g) be the third derivative of g**4/24 - g**3/2 - 3*g**2. Determine w(z).
-8
Let f = -6 + 11. Let o(c) = 4 + 11*c - 5*c - f*c. Suppose -5*x - 5*l = 35, 8 = 2*x + 2*x - 5*l. What is o(x)?
1
Let z(u) = -u**2 - 10*u + 7. Suppose 5*p - 66 = 11*p. What is z(p)?
-4
Suppose -5*f + 2 = 22, 4*k = 4*f + 28. Let o(q) = -q**2 + q + 1. What is o(k)?
-5
Let d(u) = 2*u - 1. Let x be d(-1). Suppose 2*y = -2*b + 7*y + 2, 5*y - 10 = 0. Let c(q) = 0*q + 4 + b - 3 + q. What is c(x)?
4
Let d(n) = 11*n**2 + 13*n - 5. Let o(j) = 5*j**2 + 6*j - 2. Let z(k) = -4*d(k) + 9*o(k). Calculate z(-4).
10
Let y(u) = -u**3 + 6*u**2 - 4. Suppose 0 = 2*a + 4 - 16. Give y(a).
-4
Let l(f) be the first derivative of -f**4/12 - 5*f**3/6 - f**2 - 4*f + 2. Let q(g) be the first derivative of l(g). Calculate q(-6).
-8
Let q(g) = -g**3 + 5*g**2 + 1. Let o be 3 + (2/(-2) - 1). Let b = -5 - -1. Let f = o - b. What is q(f)?
1
Let k = -14 + 13. Let r(s) = 5*s. What is r(k)?
-5
Suppose 3*m + 1 + 8 = 0. Let d(y) = 3*y + 3. Determine d(m).
-6
Let a = -4 + 6. Suppose a*r = g - 12, 25 = -r - 4*r. Let b be 8/(-12)*(1 + g). Let v(z) = -2*z**3 - 2*z**2 + 2*z. Calculate v(b).
4
Let f(m) = m. Let l be f(0). Suppose -4*n + l*n = 0. Let v = n - 0. Let g(c) = -c**3 + c + 8. What is g(v)?
8
Let d be (-3 + 0 + 11)/2. Let s(k) = -4*k - d*k**2 - k**2 - k**3 - 1 + 11*k**2. What is s(5)?
4
Let n(j) = 0 + 0*j + j + 3 - 6. Determine n(4).
1
Let r(d) = d**2 - 9*d + 9. Let f be r(7). Let c(h) = -5*h**2 + h**3 - 2*h**3 + h - 2*h**2 + 2*h**2. Calculate c(f).
-5
Let n(c) = c**3 + 4*c**2 - 5*c - 5. Suppose 4*t + t = -50. Suppose 4*v + 26 - 6 = 0. Let r = t - v. Determine n(r).
-5
Suppose -3*q - 2*q = 10. Let h = q + 1. Let b(m) = 2*m**3 + 2*m**2 - 2*m**2 + 0*m + m. Give b(h).
-3
Let r = 2/9 - -4/9. Let w(x) be the first derivative of 2 - 2*x + 0*x**2 - r*x**3 - 1/4*x**4. Determine w(-2).
-2
Suppose 0 = 3*y - 56 - 112. Let c be 4/(-6) - y/(-21). Let z(a) = 0*a**3 + 3 - 2*a**3 - 3*a + 4*a**3 - a**3 - c*a**2. Give z(3).
3
Let k(w) = -w**3 + 5*w**2 + 6*w - 9. Let h = 8 + -15. Let y(z) = -z - 1. Let q be y(h). What is k(q)?
-9
Suppose z + 2*k - 7*k - 27 = 0, -2*z + 19 = -3*k. Suppose -2*d = z*d + 20. Let o(g) = g**2 + 4*g - 2. Give o(d).
3
Let v = -1 - -7. Suppose 2*o + a - v = 0, 2*a - 7 = -3*o + 3. Let d(z) = -2*z**2 + 2*z + 1. Calculate d(o).
-3
Let h(s) = s**2 + 3*s**2 - 2*s**2 + 4*s - s**2 + 4. Let a(t) = t + 1. Let v be a(-5). Determine h(v).
4
Let c(k) be the first derivative of -k**2/2 - 3*k - 2. Let y(o) = o**2 + 6*o - 10. Let t be y(-7). What is c(t)?
0
Suppose 0 = 5*f + r - 15, -5*f - 5*r = -0*f - 35. Let h(s) be the first derivative of -2 - s + 7/2*s**f. Give h(1).
6
Let s(u) = 4*u - 3. Let m(t) = 3*t - 3. Suppose 2*i = -b + 23, 4*i - 5*b - 78 = 3. Let h be (-60)/(-14) + (-4)/i. Let f(p) = h*s(p) - 5*m(p). Give f(-5).
-2
Suppose 0*j - 2*m - 3 = -j, -j = 3*m - 13. Let c = j - 6. Let l(y) = y**2 + 2*y - 1. Calculate l(c).
2
Let g(y) = -6*y - 3*y**2 - 3 + y**3 - y**2 - 1. Let w = 11 - 8. Let l be ((-2)/w)/(24/(-180)). Determine g(l).
-9
Let r = -1 + 4. Let d(m) be the first derivative of m**3/3 + 24. Determine d(r).
9
Suppose -3*n - n + 4*x + 16 = 0, 4*n - 5*x - 21 = 0. Let a(p) = -2*p + 1. Let u be a(n). Let j(r) = -r**3 + r**2 + 3*r - 3. What is j(u)?
-12
Let t(q) = 2*q**2 + 0*q**2 - 2 - 7*q + 4 + 2. Give t(4).
8
Let o(b) be the third derivative of -b**6/360 - b**5/40 - b**4/6 - 2*b**3/3 + 2*b**2. Let j(i) be the first derivative of o(i). Let n = -15 + 11. What is j(n)?
-8
Let k(u) = u - 4 + 2 + 1 + 0. Let l be 1/4 - 38/(-8). Calculate k(l).
4
Let z(y) be the second derivative of y**3/6 - 2*y**2 - y. Suppose 4*f + 25 = 13*t - 10*t, -5*t - 2*f + 7 = 0. What is z(t)?
-1
Suppose -l - 5*w = -3*w, 3*l = 2*w. Suppose -4*d = -d - 2*f - 11, 3*d - 19 = -2*f. Suppose l = -2*t - d + 3. Let k(p) = -p**2 + 1. Calculate k(t).
0
Let a(c) = -7*c**2 + 5*c - c**3 - 6*c**2 - 4 + 2*c**3 + 10*c**2. Determine a(3).
11
Let f(g) = -2*g**3 + g**2 - 2*g + 5. Let l(a) = -a**3 - a + 1. Let j(d) = f(d) - 3*l(d). Determine j(0).
2
Let f(r) = 3 + r**2 + r**2 + 7*r - 2*r. Calculate f(-3).
6
Let f(p) = 0 - p - 7 + 8. Calculate f(7).
-6
Let j(g) = -3 - 2*g + g + 0*g. Let l = -15 - -23. Suppose -4*y - c - 4*c - 8 = 0, -c + l = -4*y. Determine j(y).
-1
Let j = -5 + 8. Let u(r) = 2*r. Suppose -9 = -2*n - 5*b, 4*n - 3*b + 10 + 11 = 0. Let c(o) = -3*o. Let q(m) = n*c(m) - 5*u(m). Determine q(j).
-3
Let y(z) = z**3 + 4*z**2 + 2*z + 3. Let b(q) = q**2 + 2*q. Let l be b(-1). Let j be (3/(-6))/(l/(-8)). Give y(j).
-5
Let f(s) = -26 - 5*s - 24 + 73 - 20. Give f(3).
-12
Let k be (0 + 1)/(0 + -1). Let b be 2*k - (-8)/1. Let a(p) = -p**3 + 7*p**2 - 6*p + 8. Give a(b).
8
Let z(f) be the second derivative of -f**5/20 + f**4/6 - f**3/6 + f**2 - 26*f. Give z(3).
-10
Let x(j) = -2 + 6*j**2 - j**2 - 4*j**2 - 3*j. Let d(y) = -y**3 + y + 2. Let h be d(0). Determine x(h).
-4
Suppose 4*s + 6 = 18. Suppose 0 = 2*h + s*h. Let c(g) = -g**2 - g + 3*g + h*g. Give c(3).
-3
Let q(k) be the second derivative of k**5/20 - 7*k**4/12 + 7*k**3/6 - k**2 - 7*k. Calculate q(6).
4
Let n be (-1 - (-38)/10) + (-46)/(-230). Let m(b) = -b**2 - 2. Calculate m(n).
-11
Let x(d) = -2*d + 6. Let j(w) = -w**3 + 7*w**2 + w + 3. Let u be j(7). Let t be u + -2 + -2 + 0. Give x(t).
-6
Let l(b) = b**2 + 2*b. Suppose -4*u = -0*u - 8. Let x = 0 - 3. Let v = x + u. What is l(v)?
-1
Let n(w) = -w**2 + 4*w + 7. Suppose -3*m = -4*m. Suppose m = b - 3*b + 5*f + 12, -b + 2*f + 6 = 0. Calculate n(b).
-5
Let q(t) = t**2 - 4*t - 3. Let o be q(4). Suppose 0 = m - 0*m + 4. Let j = o - m. Let s(z) = 4*z**2 - z + 1. Calculate s(j).
4
Let b(t) = 2 + 1032*t + 2 - 5 - 1033*t. Determine b(6).
-7
Let o(u) = u**3 + u**2 + 1. Let m be o(-2). Suppose 4*k = k + 12. Let v(d) = d**3 + k*d**2 - 1 + 0 - 2 + 0 + 2*d. What is v(m)?
0
Let w(c) be the third derivative of 0*c + c**2 - 2/3*c**3 + 0 + 1/24*c**4. What is w(-3)?
-7
Let o(y) be the second derivative of y**4/12 - 26*y. Calculate o(-4).
16
Let q(x) = 0 - 5*x + 3*x - 2*x**2 - 1 - 11*x**3. Give q(-1).
10
Suppose -2*k - 10 = 20. Let p be 730/(-150) - (-2)/k. Let h(m) = m**3 + 4*m**2 - 5*m - 4. Calculate h(p).
-4
Let z(d) = d**2 + 8*d - 5. Suppose r - 17 = -5*b - 53, 4*b = -r - 28. Determine z(b).
-5
Let h(y) be the third derivative of -y**6/120 - y**5/60 - y**4/24 + 5*y**3/3 + y**2. Suppose 2*c + 60 = -3*c. Let m = -12 - c. What is h(m)?
10
Let d(v) = -v. Suppose 2*t + 11 = -9. Let f = t - -5. Give d(f).
5
Let r(d) be the first derivative of d**3/3 + 2*d**2 - 3*d + 20. What is r(-6)?
9
Let o(h) = -5*h - 15. Let y(k) = -2*k - 5. Let l(g) = 4*o(g) - 11*y(g). Determine l(6).
7
Let l(y) be the second derivative of y**3/6 + 3*y**2 + 4*y. Determine l(-5).
1
Let y(z) = z - 1. Let l be y(0). Let h be (-2)/(-4)*l*4. Let v(b) = 1 - 2*b**2 + 0*b**2 - 3*b**2 + 3*b**2. Calculate v(h).
-7
Let l = 0 + 4. Let b(s) = -2*s - 4. Determine b(l).
-12
Let l(b) be the third derivative of 2*b**2 + 2/3*b**3 + 0*b + 0 - 1/24*b**4. What is l(3)?
1
Let j(u) = 5*u + 2. Let z(s) be the second derivative of s**3/3 - 2*s**2 + 3*s. Let t be z(3). Determine j(t).
12
Let i(a) = -2*a**2. Let v = -12 + 6. Let j be ((-3)/v)/((-1)/2). What is i(j)?
-2
Let r(t) = 9*t**3 - 2*t**2 - 4*t + 5. Let n(f) = -9*f**3 + 2*f**2 + 3*f - 4. Let b(s) = -4*n(s) - 3*r(s). Give b(-1).
-10
Suppose 5*q - 2 = 2*b, 3*q + q + b + 1 = 0. Let l(m) = -m. Give l(q).
0
Let a(w) = -w**3 + 7*w**2 + 8*w - 7. Let i = 16 + -8. Give a(i).
-7
Suppose -i = -6*i + 5. Let b(v) = 8*v*